743?
6
What is the ten millions digit of 1189359545?
8
What is the thousands digit of 2243762?
3
What is the millions digit of 715482405?
5
What is the tens digit of 201762371?
7
What is the hundred millions digit of 383868008?
3
What is the hundreds digit of 5648926?
9
What is the hundred thousands digit of 1056837002?
8
What is the ten millions digit of 84597471?
8
What is the thousands digit of 65630109?
0
What is the ten millions digit of 85044232?
8
What is the hundred thousands digit of 33870189?
8
What is the units digit of 75972103?
3
What is the hundreds digit of 22696178?
1
What is the ten millions digit of 1563624988?
6
What is the millions digit of 3979389457?
9
What is the ten millions digit of 5043283237?
4
What is the hundred millions digit of 582896159?
5
What is the ten thousands digit of 17072768?
7
What is the millions digit of 1177899978?
7
What is the units digit of 3248669443?
3
What is the millions digit of 1956112059?
6
What is the tens digit of 1141674140?
4
What is the units digit of 1622593283?
3
What is the hundred thousands digit of 1363811538?
8
What is the millions digit of 423298253?
3
What is the thousands digit of 139976975?
6
What is the tens digit of 217647777?
7
What is the millions digit of 51367438?
1
What is the ten millions digit of 649566551?
4
What is the units digit of 2283514527?
7
What is the units digit of 29178274?
4
What is the thousands digit of 2468883963?
3
What is the hundred millions digit of 856364741?
8
What is the hundred thousands digit of 1034911752?
9
What is the hundreds digit of 170538436?
4
What is the millions digit of 6089168760?
9
What is the thousands digit of 109666774?
6
What is the ten millions digit of 1876639721?
7
What is the hundred millions digit of 1621428558?
6
What is the ten thousands digit of 1211346744?
4
What is the hundred thousands digit of 475733554?
7
What is the ten millions digit of 175839032?
7
What is the millions digit of 111735476?
1
What is the hundreds digit of 49697027?
0
What is the ten thousands digit of 949122889?
2
What is the tens digit of 61093554?
5
What is the hundreds digit of 678804081?
0
What is the ten thousands digit of 1447035035?
3
What is the thousands digit of 1508067090?
7
What is the units digit of 44435891?
1
What is the ten millions digit of 185853211?
8
What is the millions digit of 700541303?
0
What is the ten thousands digit of 417810724?
1
What is the millions digit of 536568454?
6
What is the ten thousands digit of 78852922?
5
What is the thousands digit of 745794216?
4
What is the hundred thousands digit of 1981079745?
0
What is the hundred millions digit of 997019828?
9
What is the units digit of 46158?
8
What is the tens digit of 375778074?
7
What is the ten millions digit of 1263769430?
6
What is the hundred thousands digit of 3725752929?
7
What is the thousands digit of 104298712?
8
What is the ten millions digit of 31388775?
3
What is the hundred thousands digit of 37618201?
6
What is the hundreds digit of 4744401254?
2
What is the hundred millions digit of 600136410?
6
What is the ten thousands digit of 95179453?
7
What is the hundred millions digit of 1371260416?
3
What is the tens digit of 356049611?
1
What is the ten millions digit of 73321659?
7
What is the units digit of 393232454?
4
What is the ten millions digit of 171014466?
7
What is the ten millions digit of 4049363987?
4
What is the thousands digit of 108465480?
5
What is the ten thousands digit of 174378799?
7
What is the millions digit of 23101005?
3
What is the ten thousands digit of 58144305?
4
What is the hundreds digit of 158815566?
5
What is the hundreds digit of 5782959926?
9
What is the units digit of 55367987?
7
What is the ten millions digit of 3056012931?
5
What is the millions digit of 195463533?
5
What is the tens digit of 6170834782?
8
What is the thousands digit of 52514384?
4
What is the tens digit of 406196304?
0
What is the hundred thousands digit of 47382448?
3
What is the hundred thousands digit of 233321520?
3
What is the hundreds digit of 300426545?
5
What is the millions digit of 594182348?
4
What is the ten millions digit of 299604712?
9
What is the units digit of 5463971?
1
What is the ten thousands digit of 2560937966?
3
What is the hundreds digit of 39391291?
2
What is the ten thousands digit of 485019880?
1
What is the hundred thousands digit of 245856927?
8
What is the millions digit of 1861070509?
1
What is the hundred millions digit of 400925652?
4
What is the billions digit of 1638191806?
1
What is the millions digit of 48363814?
8
What is the millions digit of 28838104?
8
What is the hundred millions digit of 3650626476?
6
What is the hundred millions digit of 2109106939?
1
What is the ten thousands digit of 12561882?
6
What is the hundred thousands digit of 612118531?
1
What is the tens digit of 1722638523?
2
What is the millions digit of 87169634?
7
What is the thousands digit of 4141809?
1
What is the units digit of 129194225?
5
What is the hundred thousands digit of 12629011?
6
What is the units digit of 512806887?
7
What is the units digit of 140158814?
4
What is the hundred millions digit of 142561743?
1
What is the ten thousands digit of 5787101369?
0
What is the ten thousands digit of 199313580?
1
What is the thousands digit of 55646584?
6
What is the hundred millions digit of 274212674?
2
What is the ten thousands digit of 614864741?
6
What is the billions digit of 5454400121?
5
What is the hundred millions digit of 104366131?
1
What is the ten thousands digit of 405813939?
1
What is the ten thousands digit of 33366886?
6
What is the tens digit of 10580170?
7
What is the hundred thousands digit of 1074376032?
3
What is the hundred thousands digit of 102221232?
2
What is the tens digit of 67927497?
9
What is the units digit of 163933492?
2
What is the hundred thousands digit of 423947194?
9
What is the ten thousands digit of 25907892?
0
What is the ten thousands digit of 314762788?
6
What is the billions digit of 1505307486?
1
What is the ten millions digit of 36286974?
3
What is the hundred thousands digit of 193483956?
4
What is the millions digit of 372163491?
2
What is the tens digit of 534218?
1
What is the hundreds digit of 128820581?
5
What is the ten millions digit of 108801851?
0
What is the hundred thousands digit of 4041991518?
9
What is the tens digit of 446944606?
0
What is the hundreds digit of 316894863?
8
What is the hundred thousands digit of 13597474?
5
What is the hundreds digit of 150684175?
1
What is the ten thousands digit of 1727649484?
4
What is the hundred thousands digit of 131970933?
9
What is the units digit of 241033728?
8
What is the tens digit of 254833821?
2
What is the units digit of 85113942?
2
What is the millions digit of 58673586?
8
What is the ten thousands digit of 54732050?
3
What is the tens digit of 83326270?
7
What is the thousands digit of 1061533248?
3
What is the hundred thousands digit of 25913972?
9
What is the hundreds digit of 516531314?
3
What is the hundred thousands digit of 1663468379?
4
What is the units digit of 50945594?
4
What is the tens digit of 5463290?
9
What is the tens digit of 212154311?
1
What is the ten millions digit of 61355206?
6
What is the ten millions digit of 157668371?
5
What is the thousands digit of 304167948?
7
What is the hundred thousands digit of 49385273?
3
What is the ten millions digit of 622658076?
2
What is the ten thousands digit of 62418819?
1
What is the units digit of 9977659?
9
What is the tens digit of 618968203?
0
What is the thousands digit of 227003820?
3
What is the hundreds digit of 1062151771?
7
What is the ten millions digit of 45933268?
4
What is the hundreds digit of 46432152?
1
What is the ten thousands digit of 62403033?
0
What is the tens digit of 742420089?
8
What is the units digit of 80658504?
4
What is the tens digit of 965523058?
5
What is the tens digit of 33463267?
6
What is the ten millions digit of 805761368?
0
What is the hundreds digit of 5177846007?
0
What is the thousands digit of 528761453?
1
What is the thousands digit of 55199010?
9
What is the thousands digit of 33856448?
6
What is the units digit of 47357968?
8
What is the hundreds digit of 316835817?
8
What is the tens digit of 2120781803?
